actors of u(s).
29
Let d(h) = -h**3 + 7*h**2 + 2*h - 2. Let m be d(7). List the prime factors of (-124)/m*(-9)/3.
31
Let l = 29 - -4. List the prime factors of l.
3, 11
Suppose -1012 = -10*r - 232. What are the prime factors of r?
2, 3, 13
Suppose -2*n - 4*d = 3*n - 12, 4*n = 5*d - 15. Suppose n*l - 32 = -l. List the prime factors of l.
2
Suppose m = 5*u - 409, 0 = 4*m - 2*m - 2. List the prime factors of u.
2, 41
Suppose -10 + 4 = 3*a. Suppose -3*k + v - 52 + 20 = 0, 0 = k + v + 4. List the prime factors of (k/a + 1)*2.
11
Let x(q) be the third derivative of 5*q**4/8 - q**2. Let n(t) = 5*t. Let z(a) = -11*n(a) + 4*x(a). List the prime factors of z(1).
5
Suppose 0 = 2*u - 4 - 2. Suppose -u*z = -8 - 40. List the prime factors of z.
2
Suppose -g - 31 = -3*k, -5*k + 33 + 28 = 3*g. What are the prime factors of k?
11
Let i be (4 - -1)*1*1. Suppose -21 = -r - i. What are the prime factors of r?
2
List the prime factors of ((-111)/9)/(1/(-3)).
37
Let w be (-15)/2*40/(-12). Suppose -15 = -4*z + w. What are the prime factors of z?
2, 5
Suppose 0 = s - 2*c + 12, 0*s - c + 3 = s. Suppose 0 = -7*b + b + 72. What are the prime factors of (-2 + s)*b/(-16)?
3
Let l = -8 - -39. Let d = l - 19. List the prime factors of d.
2, 3
What are the prime factors of -3*(376/(-6)*1 - 1)?
191
Let q(f) = 118*f - 26. What are the prime factors of q(3)?
2, 41
Let f(o) = o**3 - 13*o**2 + o + 12. Suppose -8 - 10 = -2*t - 4*x, -3*x + 20 = 2*t. What are the prime factors of f(t)?
5
Let w(k) = 2*k**3 - k**2 - 4*k - 5. What are the prime factors of w(4)?
7, 13
Let z(v) = v**2 - 10*v + 9. Let j be z(10). Suppose -15*m = -12*m - j. What are the prime factors of m?
3
Let p = 109 + -63. What are the prime factors of p?
2, 23
Let l(g) be the third derivative of -13*g**6/40 + g**5/60 - g**3/6 + g**2. Let m be l(-1). What are the prime factors of (m/6)/(1/2)?
13
Let j be 3/2 + 3/(-6). Let p = j - -12. What are the prime factors of p?
13
Suppose 2*y + 8 = 6*y. Suppose -y*m + m - 8 = 0. List the prime factors of (6/m)/((-1)/8).
2, 3
Suppose 2*z = -0*z + 22. Let m = z - 7. List the prime factors of m.
2
Let p = -147 - -209. List the prime factors of p.
2, 31
Let x(g) = -g. Let b be x(3). Let h be 3/(b/(-1)) - 1. Suppose -j - 4*t = -h*j + 1, 2*t = 4*j - 14. What are the prime factors of j?
3
Let p(c) be the third derivative of c**5/30 - 5*c**4/24 + c**3/2 + 2*c**2. What are the prime factors of p(4)?
3, 5
Suppose p + 4 = -2*r - 3, p = -3*r - 11. Let u(s) = -5*s**3 - s**2. Let h be u(p). List the prime factors of -3*(46/h - -1).
2, 5
List the prime factors of -2 + -2 + 54 + 8 + -7.
3, 17
List the prime factors of 5/10*2 + 45.
2, 23
What are the prime factors of (183/(-2))/(3/(-4))?
2, 61
Let o be (-14 - 0)*13/26. Let p = o + 28. What are the prime factors of p?
3, 7
Let d(v) = -13*v + 1. Let k be d(1). What are the prime factors of -1 + -1*k/2?
5
Suppose -2*q + 2*g - g + 79 = 0, -42 = -q + g. What are the prime factors of q?
37
Suppose 4*n = z - 0*n - 46, 3*n - 59 = -2*z. Suppose i - z = -3. List the prime factors of i.
31
What are the prime factors of (4 - 4) + 50 + 0?
2, 5
Let l be (2 - (0 - -3)) + 3. What are the prime factors of l/(-5)*(0 + -70)?
2, 7
Let d(v) = v**3 + 9*v**2 + 9*v + 11. Let c be d(-8). Let s(p) = p**3 - p + 12 + c*p - 3*p. List the prime factors of s(0).
2, 3
Suppose -d + 5 = j - 7, 2*d - 4 = 0. Suppose 0 = 3*a - 4*l - 9 + 29, -2*l = -j. Suppose 4*h + a = 8. What are the prime factors of h?
2
Let k(l) = l**2 + 2*l - 3. Let u be k(2). Suppose 4*f + r = 9, 5*f + 4*r - 6*r + u = 0. What are the prime factors of ((-11)/3)/(f/(-3))?
11
Let t(r) = 5*r**2 + 29*r + 38. Let d(p) = -2*p**2 - 10*p - 13. Let v(z) = 8*d(z) + 3*t(z). Let k be 8 + (-1)/(-2 + 3). List the prime factors of v(k).
2, 5
Let k(c) = -c**2 - 1 + 7*c + 0*c**2 + 2 + 0*c**2. What are the prime factors of k(4)?
13
Let s(v) = -v**3 - 9*v**2 - 4*v + 2. Suppose 4*g - 3 + 39 = 0. What are the prime factors of s(g)?
2, 19
Suppose 4*w + 33 = w. Let v = -18 - w. Let u = 2 - v. List the prime factors of u.
3
Let l(w) = 2*w**2 + 3*w - 5. List the prime factors of l(-7).
2, 3
Let h = -12 + 23. List the prime factors of h.
11
Let t(w) = 5*w**2 - 2. Suppose -4*l - 2*i - 3*i - 23 = 0, -3*l + 5*i = -9. What are the prime factors of t(l)?
2, 3
Let x(q) = 6*q - 1. Let v be x(1). Suppose -23 = v*r + 2. What are the prime factors of (-174)/(-15) - 2/r?
2, 3
Let h = 6 + -4. Suppose 0*w = -w + h. Suppose a - 12 = -5*q, 3*a - 14 = -w*a - 2*q. What are the prime factors of a?
2
Suppose -2*k + 2*t = -3*t - 6, -2*t - 9 = -3*k. Suppose i + y = -1, k*i + 13 = -6*y + y. Suppose -40 = -i*s - 0*s. List the prime factors of s.
2, 5
Let f(g) = -g**2 - 9*g + 7. What are the prime factors of f(-6)?
5
Let q(b) = 3*b - 3. Let a(c) be the first derivative of -c**2 - 4*c + 2. Let x be a(-4). What are the prime factors of q(x)?
3
Suppose 4*k - k = 15. Suppose 0 = 3*c - 15, -5*c + 141 - 16 = k*y. List the prime factors of y.
2, 5
Let u(q) = q**2 - 2*q + 5. Let v(b) = b**2 + 7*b + 4. Let z(i) = i**3 + 3*i**2 - i + 5. Let h be z(-4). Let o be v(h). List the prime factors of u(o).
13
Let n = 38 - 13. What are the prime factors of n?
5
Let b = 6 - -9. Suppose -34 = -3*q - 5*p, 3*p = -0*p + b. Suppose 5 - 15 = c + 3*g, 5*c = -q*g + 10. What are the prime factors of c?
5
Let z(t) = 5*t + 5*t + 1 - 2*t. List the prime factors of z(3).
5
List the prime factors of (2 - -1*86) + (24 - 26).
2, 43
Let m be (0 - 3/2)*-6. Let s(l) = l**3 - 9*l**2 + l - 9. Let k be s(m). Suppose k = -i - 2*i + 51. What are the prime factors of i?
17
Suppose 6*t = 3*t + 12. Suppose 48 = 3*p - 5*w, 3*p + t*w = -w + 78. What are the prime factors of p?
3, 7
Suppose 2*m - 3*m = -112. List the prime factors of m.
2, 7
What are the prime factors of 0 + 1/3 + (-8372)/(-156)?
2, 3
Let o = 29 + -20. List the prime factors of o.
3
Let c = -2 - -3. List the prime factors of c - 3 - (-19 + 0).
17
Suppose -4*g - b = -133, -g + b + 2*b = -17. What are the prime factors of g?
2
Suppose 12 = -0*t + 3*t. Let u(q) = q**3 - 3*q**2 + q + 5. What are the prime factors of u(t)?
5
Let a(p) = p**3 + 8*p**2 + 9*p. What are the prime factors of a(-6)?
2, 3
What are the prime factors of 6/(-4) - 2397/(-34)?
3, 23
Suppose -89 + 29 = -5*j. Suppose 0*o - 3*o - 24 = 0. List the prime factors of o/j*114/(-4).
19
What are the prime factors of ((-52)/(-16) - 0)*44?
11, 13
List the prime factors of (8/(-4) - 4/(-1)) + 72.
2, 37
Let r be -4 + 2 + 1 - -4. Suppose -29 = r*a + 5*k, -3*a + 2*k = -0*a + 22. What are the prime factors of (-2)/a - (-22)/8?
3
Suppose 731 = 5*c - 149. What are the prime factors of c?
2, 11
Let u be 48/(-8)*4/3. Let i = u + 21. What are the prime factors of i?
13
Let a = 8 - -9. Let b = -7 + a. List the prime factors of b.
2, 5
Let f(l) = -9*l + 37. List the prime factors of f(-18).
199
Suppose 7*a - 96 = 5*a. Let h = a + -33. List the prime factors of h.
3, 5
What are the prime factors of (-6)/(-2)*(3 - -2)?
3, 5
Let d(a) be the first derivative of a**4/4 - 7*a**3/3 + 7*a**2/2 - a + 1. Let q be d(6). Suppose q*g = 0, 3*o = 2*o - 5*g + 7. What are the prime factors of o?
7
Suppose -2*n + 10 + 18 = 0. Let p = -2 + n. List the prime factors of p.
2, 3
Let k(f) = 12*f**2 + 5*f - 3. List the prime factors of k(-4).
13
Let h(q) = -q**3 - 2*q**2 + 5*q - 3. Let x be (-42)/9*(-9)/2. Suppose -5*o + 1 = x. List the prime factors of h(o).
3
Let s be 2 + (-1)/1 + -1. Let f be (s + -2 + 4)*-1. What are the prime factors of ((-1)/(-3))/(f/(-78))?
13
Let u(b) = 2*b - 4. Let l be u(3). Suppose 0 = -l*t + 13 + 83. What are the prime factors of t?
2, 3
What are the prime factors of (201/(-2))/(3 - (-75)/(-20))?
2, 67
Suppose v - 399 = -2*v. What are the prime factors of v?
7, 19
Let y(o) = 11*o. Let v be y(7). Suppose 2*j - v = -5. What are the prime factors of j?
2, 3
Let d = 5 - 3. Suppose -4*s - 21 = -3*m, 3*s + 21 - 8 = d*m. Suppose m + 25 = 4*l. List the prime factors of l.
3
Suppose -b + 66 = 5*v - 31, -3*b - 3*v = -279. What are the prime factors of b?
2, 23
Suppose -2*v + 3*q = -3, 0*v + 3*q = v. List the prime factors of v.
3
Let w = -455 + 777. What are the prime factors of w?
2, 7, 23
Suppose -2*i + 21 = z, -i = z - 4*z + 42. Suppose -63 = -2*t - 3*p - z, -2*t + 46 = 2*p. List the prime factors 